m + 2*m**2 + 3*m. Suppose -h = -5*n - 57, 0 = 4*n + 5*h - h + 36. What is the tens digit of d(n)?
2
What is the hundreds digit of 864315/360 - (0 - 1/8)?
4
Let y = 21 + -18. Suppose 0 = 2*l + y*x - 10 + 4, 0 = 2*l + 5*x - 10. Suppose -71 + 12 = -t - 3*s, l = t - 2*s - 44. What is the units digit of t?
0
Let v = 116 - 19. What is the units digit of v?
7
Suppose -438 = -3*q - 129. What is the units digit of q?
3
Let v = 894 - 388. What is the units digit of v?
6
Let k(t) = -t**2 - 7*t + 284. What is the hundreds digit of k(0)?
2
Suppose 6 = 4*h - 90. Let v = -11 + h. What is the tens digit of v/(13/30) - 1?
2
Let r = -1190 - -2313. What is the tens digit of r?
2
Let h = -34 + 38. Suppose -6*p = -h*p - 508. What is the units digit of p?
4
What is the thousands digit of (-9)/3 - -3298 - (-13 + 18)?
3
Let q = 10 + -7. Suppose -4*x - 21 - 57 = g, -4*g - q*x = 299. What is the units digit of 6/(-24) + g/(-8)?
9
Suppose 2*h + 4*p = -2*h + 28, 3*h + 14 = 4*p. Suppose -5*q + h*k + 144 = -2*q, -4*q + 5*k = -192. What is the tens digit of q?
4
Let o(z) = 557*z**2 - 13*z - 15. What is the tens digit of o(-1)?
5
Let j be -2 + (-12)/28 + 303/21. What is the units digit of 59 - (3/6)/((-2)/j)?
2
Let a be 40/3 - 4/(-6). Let t = a - 7. Suppose -5*m + t = -8. What is the units digit of m?
3
Let d(i) = -3*i**3 - i**2 + 6*i + 5. Suppose -3 + 8 = p. Let u be -1 + p - 4 - 3. What is the units digit of d(u)?
9
Let w = -6543 - -9246. What is the tens digit of w?
0
Let m = -21 + 25. Suppose 11*k - 434 = m*k. What is the tens digit of k?
6
Suppose 4 = -6*p + 8*p. Suppose 0*h - h + 208 = 3*k, -k = p. Suppose -14 = -4*w + h. What is the units digit of w?
7
Suppose 5*s + 2 + 48 = 0. Let t = s + 19. What is the tens digit of 606/54 - 2/t?
1
What is the hundreds digit of (-44168)/(-48) - 25/(-30)?
9
Let d = 385 - 357. Let m = -1 - -1. Let i = m + d. What is the units digit of i?
8
Let o be (-1 - -1)/(-8 - -6) - 252. What is the units digit of 0 + -2 + o/(-4)?
1
Let c be 3*1 - (-14 - -20). Let r be 2 - (2028/c - 0). What is the tens digit of 2/(-4) - r/(-12)?
5
Suppose -4*g + 2*q + 556 = 0, -8*g - 5*q = -6*g - 266. What is the units digit of g?
8
Let u be -2 - (-2 - 2) - -259. Let p be 4/(-34) - u/(-51). Suppose 7*f - p*f - 42 = 0. What is the tens digit of f?
2
Suppose -4*h = -6*h + 744. What is the units digit of h?
2
Let t(a) = -2*a**3 - a**2 + 3*a + 3. Let p be t(3). Let x = 72 + p. What is the units digit of x?
1
Let t(i) = -i**3 - 43*i**2 - 16*i - 94. What is the units digit of t(-43)?
4
Let r(w) = -2*w**3 - w**2 + 13. Let t be r(0). Let h(b) be the first derivative of -b**4/4 + 4*b**3 + 19*b**2/2 - 18*b + 4. What is the tens digit of h(t)?
6
Let j = -13 - -45. Suppose -2*l + 4*g = -j, -g + 0*g = -4*l + 78. Let c = -3 + l. What is the units digit of c?
7
Let f be 4/10 - (-47)/(-5). Let j be (-4)/22 - (-1)/((-66)/978). Let b = f - j. What is the units digit of b?
6
Let u(l) = -l**3 - 3*l**2 - 2*l + 2. Let g be u(-2). Suppose -5 = 2*r + 6*t - t, 2 = -r - g*t. Suppose 4*q - q - 144 = r. What is the units digit of q?
8
Suppose x - 18 = 7*j - 4*j, -2*j - 22 = -4*x. Suppose 5*o - 5*l - 530 = 0, 0*o = -o - x*l + 114. What is the hundreds digit of o?
1
Suppose -3*v - 5*p + 1201 = v, -v = -4*p - 274. Suppose -5*o + 2*o + v = 0. Suppose -4*j + 2*j + o = 0. What is the units digit of j?
9
Suppose -l + 50 = l. Suppose s = -4*s + l. Suppose 0 = s*c - 4*c - 2*f + 4, 3*f = -3*c + 33. What is the units digit of c?
6
Suppose -7*h - 20 + 48 = 0. Let c = 268 + h. What is the tens digit of c?
7
Let s(t) = -3*t + 59. What is the tens digit of s(12)?
2
Suppose -a = -2*a + r - 3, -4*r = 0. Let k be -2 + -2 + 3 + a. Let s(q) = q**3 + 4*q**2 - 5*q + 2. What is the tens digit of s(k)?
2
Let l be (-4)/(-12) + 314/3. Let y = l + -34. What is the units digit of y?
1
Suppose -5*t + 3 + 32 = 0. Suppose 0 = 2*u + 4*s - 30, t*u = 2*u + 4*s + 33. What is the tens digit of 147/u*9/3?
4
Let j(f) = 4*f + 75. Let p be j(-16). Suppose -360 = -p*c + 355. What is the units digit of c?
5
Let c(p) = p**2 + 14*p + 4. Let x be c(-14). Suppose r = -x*r + 115. What is the units digit of r?
3
Let z(a) = 2*a**3 + a**2 + 5*a + 1. Let y be z(3). Suppose 0 = o - 72 - y. What is the units digit of o?
1
Let x(j) = -2*j - 23. Let d be x(-13). Suppose g - 5*u = 29, 2*u = 2*g - d*u - 33. What is the units digit of (12/9)/(g/90)?
0
Suppose 6*l + 8 = 2*l. Let v = 2 + l. Suppose v = -2*z + 24 + 20. What is the units digit of z?
2
Let t(w) = w**2 + 6*w + 2. Let p be t(-5). Let h be -1 - -17 - (-3 - p). Let y = h + -1. What is the tens digit of y?
1
Let y(b) = -b**2 - 23*b + 9. Let u(x) = x + 1. Let t(c) = 6*u(c) + y(c). What is the tens digit of t(-12)?
7
Let w = 1033 - 564. Suppose 4*p = w + 299. What is the units digit of p?
2
Suppose -217 = -8*p + 9*p. Let b = 400 + p. What is the hundreds digit of b?
1
What is the tens digit of 487*(-2 - 12/(-2))?
4
Suppose -244*h + 6 = -247*h. Let b(a) be the third derivative of -a**4/4 - a**3/3 + a**2. What is the units digit of b(h)?
0
Suppose 3*w + 7*w - 850 = 0. Let p = w + -56. What is the units digit of p?
9
Suppose -2374 + 504 = -22*o. What is the units digit of o?
5
Let b = -5 - -9. Suppose b*d - 314 = 2*d. What is the units digit of d?
7
Suppose 2*p + 0*p - 8 = 0. Let h = 8 + -5. Suppose h*f = p*f - 37. What is the tens digit of f?
3
Let p(k) = -k + 2. Let a be p(-6). Suppose -5*d = -a*d + 183. What is the units digit of d?
1
Let x(j) = -j**2 + 11*j + 6. Let m = -36 + 41. What is the tens digit of x(m)?
3
Let s(v) = 203*v**2 - 22*v - 8. What is the hundreds digit of s(-3)?
8
Suppose y - 5196 = -2*h, 4*h = 9*h + 2*y - 12988. What is the tens digit of h?
9
Let v = 1302 - 506. What is the tens digit of v?
9
Suppose 2*y - 66 - 148 = 0. Let b = y + 33. Suppose 0 = 3*h + 2*h - b. What is the tens digit of h?
2
Let t = 793 - 177. What is the hundreds digit of t?
6
What is the tens digit of 7/(-14) + (-7908)/(-8)?
8
Suppose -6 = -2*c + 412. Let p = c - 66. Suppose -4*b + p = -1. What is the tens digit of b?
3
Let h = 28 - -37. Suppose n = 18 + 19. Let p = h - n. What is the tens digit of p?
2
Let b be 190/3*(212/20 - -5). Suppose 3*w = -3*n + 11 + b, -5*w - 4*n + 1660 = 0. What is the hundreds digit of w?
3
Let x be 10/(3 + 4/(-4)). Suppose -5*i + 45 = x*j, -2*j = -2*i + 2*j. Suppose -34 = -3*d + n - i, d + 5*n = -12. What is the units digit of d?
8
Let l = 5 - 6. What is the units digit of 16 + -1 + l + 3?
7
Let b be 66*((-2 - 0) + 5). Suppose 2*t = 4*r + 122, -t + 4*t = 3*r + b. What is the units digit of t?
1
Suppose 5*l + 6 = -b, -3*b + 2*l + 8 = -2*b. Suppose 15 = 5*o, -b*o = -5*x - 0*o + 258. What is the tens digit of x?
5
Suppose i = 2 - 11. Let h = i + 18. Let q = 13 + h. What is the tens digit of q?
2
Suppose 7*u - 4*u - 2*m - 688 = 0, 5*m - 1155 = -5*u. What is the units digit of u?
0
Suppose -2*c - 397 = -d, d = 5*d - 3*c - 1578. Let w = d - 82. What is the hundreds digit of w?
3
Let f = 35 - 31. Suppose f*l = 4*u + 204, 0 = -0*l + l + 5*u - 63. What is the tens digit of l?
5
Let j = -787 + 1152. Let d = -132 + j. What is the units digit of d?
3
Suppose 0 = -5*r + 5*h - 45, -r + 2*h - 17 = -5. Let p(z) = -8*z + 1. What is the tens digit of p(r)?
4
Let b = -797 - -1356. What is the units digit of b?
9
Let u = -1061 - -1894. What is the units digit of u?
3
Let p(l) = -l**2 + 4*l + 5. Let o be p(5). Suppose -2*v + 0*v = 2*n + 20, v + 2*n + 13 = o. Let i(t) = t**3 + 8*t**2 + 5*t - 2. What is the units digit of i(v)?
2
Let s be 6/(-36) + (-13)/(-6). Suppose 0 = 5*v + 2*b - 29, v - 3*b = s*b + 22. What is the units digit of v - ((8 - 4) + -2)?
5
Let d be 50/12 - 7/42. What is the tens digit of 57/2*d/2?
5
Suppose 8*t + 679 = 2*k + 3*t, -4*k = 3*t - 1345. What is the units digit of k?
7
Let r = 1 + 1. Let b = -156 + 158. Suppose 0 = 3*j + u - 16, -3*j = -r*j + b*u - 2. What is the units digit of j?
6
Suppose 2*g = 8, -4*m = 4*g - 9 - 23. Suppose 0*v + 248 = m*v. What is the tens digit of v?
6
Let r be 5/3 - (-3)/9. Let m be (10/4)/(r/4). What is the units digit of (-4 + m)/((-1)/(-7))?
7
Let f(x) = x**2 - 2. Let u be f(-2). Suppose u*h = -0*h. Suppose 5*i = 4*d - 47, h = d - 5*d + 3*i + 41. What is the units digit of d?
8
Suppose 3*h - 6*h + 15 = 0. Suppose f = 3*d + 37, -2*d + h*d